w be l(-20). Let x(g) be the first derivative of -1/3*g**3 + w*g - 6 + g**2. Give x(-2).
-8
Let l(r) = -r**3 - 7*r**2 + 4. Suppose 2*k + 30 = 4*t, -k - 14 = 3*t - 4. Let x = k - -15. Suppose 3*n + 5*p = p - 41, -x*p - 38 = 4*n. Give l(n).
4
Let a(g) = -g**3 - g. Suppose 3*w = -5 - 1. Let j be 1/w*(-20)/5. Suppose -29*f + 27*f - j = 0. Give a(f).
2
Let o(z) = -5*z**3 - 7*z**2 + 12*z + 20. Let u(r) = -r**3 + 2*r + 2. Let t(y) = o(y) - 6*u(y). Determine t(7).
8
Let u(k) = -k**3 - 6*k**2 + k + 8. Let t = 15 - 7. Suppose 3*m = 4*d - 6, -2*d = -3*m + t*m + 36. Give u(m).
2
Let r(o) = 23*o + 44. Let q(t) = 8*t + 15. Let v(p) = -17*q(p) + 6*r(p). Let u(b) = -b**2 + 2*b - 8. Let c be u(0). Determine v(c).
-7
Let g(s) = 5*s**2 - 2*s - 10. Let o(b) = 4*b**2 - 5 - 3*b - 4 + b. Let x(f) = 5*g(f) - 6*o(f). Let j be (-2 + 2)/3 + -3. What is x(j)?
7
Let r(v) = v**2 + 13*v + 12. Let t be r(-12). Suppose t = -7*s + 1 + 13. Let w(j) = j - 1. What is w(s)?
1
Suppose 2*g + 13 = -69. Let h = g - -34. Let r(x) = x**3 + 8*x**2 + 8*x + 7. Give r(h).
0
Let h(m) = -6*m**2 + m**3 - 2*m**3 + 21*m - 1 - 28*m. Suppose -5 + 6 = b. Suppose -2*z - b = 9. Give h(z).
9
Let o(d) be the first derivative of 5/2*d**2 - 3 - 2/3*d**3 - 3*d. Give o(3).
-6
Let d = 10 + -8. Let w(k) = 1 + 15*k - 26*k + 11*k - k**d. Determine w(0).
1
Let y be (1*26/(-65))/((-1)/(-35)). Let b(q) = q**2 + 14*q + 21. Determine b(y).
21
Let x(d) = -2*d**3 - 8*d**2 - 10*d + 6. Let g(m) = m**3 + 9*m**2 + 11*m - 7. Let l(k) = 3*g(k) + 2*x(k). What is l(12)?
3
Let f be 70/(-28) - (-9)/6. Let z(k) = -5*k + 1. Give z(f).
6
Let f(g) be the second derivative of -g**8/6720 + g**7/504 - g**6/180 + g**5/30 - g**4/12 - 8*g. Let l(b) be the third derivative of f(b). Give l(5).
-16
Let h(q) = 3*q**2 + 2*q + 2. Let z be h(-1). Let m be (-18)/(-3) + (z - 2). Let j(i) = i**2 - 5*i - 8. Give j(m).
6
Let c(m) = 3*m**2 - 2*m - 5. Let q(l) = -6*l**2 + 4*l + 11. Let u(h) = -13*c(h) - 6*q(h). Suppose 4*v = 4*g + 16, 3*v = 3*g - v + 17. Give u(g).
-2
Let c(b) = 13*b + 0*b**2 + 2*b**2 - 2*b**2 - 2 - b**2. What is c(11)?
20
Let m(h) = -4*h - 1. Suppose 10*f + 132 = -12*f. Give m(f).
23
Let b(t) = -2 + t - 19 + 12. Give b(6).
-3
Let t(k) = 11*k**3 - 21*k**2 - 25*k + 15. Let h(o) = -13*o**3 + 23*o**2 + 28*o - 15. Let n(b) = -5*h(b) - 6*t(b). Determine n(12).
-39
Let o be (-15 - -7)*1/(-2). Let m(n) be the first derivative of -n**4/4 + 5*n**3/3 - 3*n**2/2 + 3*n + 4. Determine m(o).
7
Let r(z) be the first derivative of -23 + 1/2*z**2 + 0*z. What is r(0)?
0
Let j be (63*31/1085)/(-1 - (-12)/10). Let x(v) = -1. Let q(y) = -y + 10. Let b(n) = 2*q(n) + 14*x(n). Determine b(j).
-12
Let t(j) = 3*j - j - j - 8 + 0*j. Suppose -x - 2 = 0, 4*x = 6*m - 9*m - 8. Give t(m).
-8
Let z(v) = 6*v**2 - v - 1. Let g = 39 + -40. Calculate z(g).
6
Let a(d) be the first derivative of -6 + 0*d + 1/15*d**5 + 2/3*d**3 - 1/8*d**4 - 1/120*d**6 + 1/2*d**2. Let g(i) be the second derivative of a(i). Give g(3).
4
Let l(u) be the third derivative of u**5/60 - u**4/24 + u**3/3 - 46*u**2. Give l(3).
8
Let a(m) = -144*m - 868. Let x be a(-6). Let q(h) be the second derivative of h**4/12 + 7*h**3/6 + 3*h**2 - h. Calculate q(x).
-6
Let d(n) be the first derivative of n**4/4 + 8*n**3/3 + n**2/2 + 8*n + 274. Let u = 12 - 20. Give d(u).
0
Let t be (-7)/2*16/(-28). Let q(w) = -w**3 - 6*w**2 + 6*w - 5. Let p be q(-7). Suppose t*s = -p*s. Let c(m) = -m**2 - m + 5. Determine c(s).
5
Let y(d) = 5*d + 2. Let l be (-10)/(-2)*(0 - -9). Let b = l - 83. Let r = b - -40. Give y(r).
12
Let z(p) be the first derivative of -p**2/2 + 11*p - 572. Calculate z(5).
6
Let o = 34 - 40. Let n(c) be the second derivative of -1/2*c**2 - 7/6*c**3 + 0 + 1/20*c**5 - 3*c + 5/12*c**4. Calculate n(o).
5
Let o = 43 - 33. Let i = o - 40. Let t be i/(-12)*12/(-10). Let r(c) = -c - 7. Determine r(t).
-4
Let r be 78/(-11) + 18/198. Let s(t) = t - 5. Give s(r).
-12
Let v(c) = -2*c**3 - 11*c**2 - 6*c - 11. Let t(x) = -x**3 - 6*x**2 - 3*x - 6. Let r(y) = -7*t(y) + 4*v(y). Calculate r(-1).
0
Let x(l) be the second derivative of -l**7/840 + l**6/72 + l**5/120 - 7*l**4/24 - 7*l**3/6 + 3*l. Let b(t) be the second derivative of x(t). Calculate b(5).
-2
Let s(d) = -d**3 + 5*d**2 + 4*d - 6. Suppose 8*z - 13*z - 10 = 0. Let h = z - -5. Suppose h*o - b + 0*b = 14, 5*o + 3*b = 28. Give s(o).
14
Let b = -27 + 31. Suppose -5*u + 3*p = 25, 2*u + 2*p - b = -u. Let n(h) be the first derivative of -h**2 - 3*h - 1. Determine n(u).
1
Let l(o) = -2*o**2 + 6*o - 2*o**2 - 5 - o**2 + o**3 + 1. Suppose -4*q - 3*g - 5 = -3*q, -5*g = q + 11. Give l(q).
4
Let r be 132/36 - -4*1/(-6). Suppose -2*s + 6 = -r*n, 4*s - n - 8 = 14. Let z(b) be the second derivative of -b**4/12 + 7*b**3/6 - 2*b**2 - b. Give z(s).
2
Let y(z) = -z**2 + 10*z - 3. Let w = 41 + -32. Calculate y(w).
6
Suppose w + 3 = -4*o, 4*w - 9 = -2*o + 49. Suppose w = 4*s + 5. Let u(f) = -4*f + s*f - f - 3. Give u(-3).
3
Let b(v) = 4*v + 4 - 2 + 4. Let n be 96/(-528)*(-32 + -1). Calculate b(n).
30
Let h(w) = w + 1. Let l be h(-3). Let f(i) = 16*i + 1. Let k(c) = 38*c + 1. Let z(g) = 5*f(g) - 2*k(g). Give z(l).
-5
Suppose 3*x + 4*p + 10 = -25, -5*p + 18 = -x. Let s be 10 + x - (-8)/2 - 1. Let j(y) = -y - 6. Determine j(s).
-6
Let m(j) = 28*j**2 + 6*j - 14. Let r(z) = 2*z**2 + z - 2. Let a(y) = m(y) - 7*r(y). Determine a(1).
13
Suppose 0 = 9*l - 19*l - 80. Let v(n) = 5*n + 18. Give v(l).
-22
Let c(u) = -u**3 + 4*u**2 - 5*u + 2. Let f be -1 - (2 + -3 + 6). Let k = 3 - f. Suppose 0 = 2*g + g - k. Calculate c(g).
-4
Let b be (-4 - -3) + 0/(-1). Let d(k) = k - 1. Let a(r) = -127*r + 125*r - 5 + 2. Let p(n) = b*a(n) + 2*d(n). What is p(-3)?
-11
Suppose -2*o + 2*z - 17 = -3*z, 5*z - 29 = 4*o. Let p(i) = i - 1. Let n(x) = 2*x - 13. Let b(t) = -n(t) + 5*p(t). What is b(o)?
-10
Let w be (-4)/22 - 4/(-22). Suppose 5*z + 5 = 3*b, w = 3*b + 2*b - 25. Let c(m) = m + 3 + 2*m**2 + 0*m**2 - 5*m - m**2. Determine c(z).
-1
Let d(b) be the third derivative of -b**7/5040 - b**6/180 + 17*b**5/60 + 7*b**2. Let c(x) be the third derivative of d(x). Determine c(3).
-7
Let x be (-3 - -8) + -3 + -1. Let y(g) = 3*g + 769 - 769. Calculate y(x).
3
Let q(m) be the first derivative of m**3/3 - 9*m**2/2 + 14*m + 177. Calculate q(8).
6
Let c(t) = 4*t + 9 - 3 - t**2 + 4 - 2. Suppose 0*w = -3*w + 18. Determine c(w).
-4
Let o = 218 + -223. Let a(k) = -k**2 - 3*k + 1. Give a(o).
-9
Let f be (-6)/(-5)*(-20)/3. Let v(w) = 2*w**2 + 3*w - 2. Let y be v(1). Let t(p) = -10*p**2 + 0*p**y - 2*p**2 - 2 - p**3 + 4*p**2. Determine t(f).
-2
Let m(h) = -h - 4. Let w be (-10)/(240/56) - (-2)/6. Determine m(w).
-2
Suppose 10*m + 54 - 314 = 0. Let k(a) = -m + 31 + 16*a - 14*a. Determine k(5).
15
Let s(i) = 2*i**2 - 11*i - 8. Let o(j) be the third derivative of j**5/20 - 2*j**4/3 - 2*j**3 - 24*j**2 + 2. Let c(x) = -5*o(x) + 8*s(x). What is c(10)?
16
Let k(p) be the first derivative of -p**2 + 2*p - 5*p + p + 35 + 0*p**2. What is k(-9)?
16
Suppose 2 = 2*k + 21*s - 19*s, -4*k = 2*s - 2. Let x(g) be the second derivative of g**4/12 - 4*g**2 - 6*g. What is x(k)?
-8
Let k(m) = -m**2 - 14*m - 23. Let t be k(-8). Let j = 5 - -15. Suppose 20*f - t*f = j. Let g(q) = q**2 + 2*q + 3. Calculate g(f).
11
Let q(v) = 6*v + 5*v**2 + 13*v**3 - 20274 + 20268 - 14*v**3. Let b(d) = -d + 3. Suppose 0*n = 5*n + 15. Let c be b(n). Calculate q(c).
-6
Let c(b) = b**3 - 3*b**2 - 5*b - 4. Let w(f) = -2*f**2 + 10*f + 17. Suppose 1 = 2*o + 4*d + 9, 5*o + 3*d = 15. Let k be w(o). Determine c(k).
21
Let b(p) = p**2 - p. Let o(s) = -s**2 - 7*s - 5. Let x be o(-6). Let r(h) = -2*h**2 + 3*h + 1. Let t(a) = x*r(a) + 3*b(a). Determine t(2).
5
Let m(o) = 4*o - 68. Let f be m(17). Let d(g) = g**3 + g**2 + g + 1. What is d(f)?
1
Let d = -436 + 433. Let y(w) = w**2 - 5*w + 3. Let r(c) = -2*c**2 + 4*c - 4. Let x(f) = -2*r(f) - 3*y(f). Give x(d).
-13
Let z = -9 + 14. Suppose -5*t + 17 = -u - 9, 0 = -z*u - 5. Suppose 2 + t = w. Let a(b) = -b**3 + 6*b**2 + 8*b - 3. What is a(w)?
4
Let q(w) be the third derivative of w**5/60 + 5*w**4/8 + 4*w**3/3 - 17*w**2. Let y be q(-15). Let l(x) = 2*x - 5. What is l(y)?
11
Let a = 4 + -2. Let i be 4*a/(-2) - 0. Let d(o) = 3*o**2 - 12*o - 1 + 3 - 2*o**2 + 9*o + 8*o. Determine d(i).
-2
Let v(m) = 3*m + 58 - 6*m**2 - 42*m**3 + 0*m - 57 + 43*